{"version":"1.0","provider_name":"Web Oficial de Alverto","provider_url":"https:\/\/www.albertojosevarela.com\/de\/","author_name":"Alberto Jos\u00e9 Varela","author_url":"https:\/\/www.albertojosevarela.com\/de\/author\/alberto\/","title":"AYAHUASCA & PSYCHOTHERAPIE (2. Teil) Ist es m\u00f6glich, die schamanische Weltanschauung mit dem Ansatz der pers\u00f6nlichen Entwicklung der Psychotherapeuten zu integrieren? - Web Oficial de Alverto","type":"rich","width":600,"height":338,"html":"<blockquote class=\"wp-embedded-content\" data-secret=\"mHtVmvphjl\"><a href=\"https:\/\/www.albertojosevarela.com\/de\/ayahuasca-psychotherapie-2\/\">AYAHUASCA &#038; PSYCHOTHERAPIE (2. Teil) Ist es m\u00f6glich, die schamanische Weltanschauung mit dem Ansatz der pers\u00f6nlichen Entwicklung der Psychotherapeuten zu integrieren?<\/a><\/blockquote><iframe sandbox=\"allow-scripts\" security=\"restricted\" src=\"https:\/\/www.albertojosevarela.com\/de\/ayahuasca-psychotherapie-2\/embed\/#?secret=mHtVmvphjl\" width=\"600\" height=\"338\" title=\"&#8222;AYAHUASCA &#038; PSYCHOTHERAPIE (2. Teil) Ist es m\u00f6glich, die schamanische Weltanschauung mit dem Ansatz der pers\u00f6nlichen Entwicklung der Psychotherapeuten zu integrieren?&#8220; &#8211; Web Oficial de Alverto\" data-secret=\"mHtVmvphjl\" frameborder=\"0\" marginwidth=\"0\" marginheight=\"0\" scrolling=\"no\" class=\"wp-embedded-content\"><\/iframe><script>\n\/*! This file is auto-generated *\/\n!function(d,l){\"use strict\";l.querySelector&&d.addEventListener&&\"undefined\"!=typeof URL&&(d.wp=d.wp||{},d.wp.receiveEmbedMessage||(d.wp.receiveEmbedMessage=function(e){var t=e.data;if((t||t.secret||t.message||t.value)&&!\/[^a-zA-Z0-9]\/.test(t.secret)){for(var s,r,n,a=l.querySelectorAll('iframe[data-secret=\"'+t.secret+'\"]'),o=l.querySelectorAll('blockquote[data-secret=\"'+t.secret+'\"]'),c=new RegExp(\"^https?:$\",\"i\"),i=0;i<o.length;i++)o[i].style.display=\"none\";for(i=0;i<a.length;i++)s=a[i],e.source===s.contentWindow&&(s.removeAttribute(\"style\"),\"height\"===t.message?(1e3<(r=parseInt(t.value,10))?r=1e3:~~r<200&&(r=200),s.height=r):\"link\"===t.message&&(r=new URL(s.getAttribute(\"src\")),n=new URL(t.value),c.test(n.protocol))&&n.host===r.host&&l.activeElement===s&&(d.top.location.href=t.value))}},d.addEventListener(\"message\",d.wp.receiveEmbedMessage,!1),l.addEventListener(\"DOMContentLoaded\",function(){for(var e,t,s=l.querySelectorAll(\"iframe.wp-embedded-content\"),r=0;r<s.length;r++)(t=(e=s[r]).getAttribute(\"data-secret\"))||(t=Math.random().toString(36).substring(2,12),e.src+=\"#?secret=\"+t,e.setAttribute(\"data-secret\",t)),e.contentWindow.postMessage({message:\"ready\",secret:t},\"*\")},!1)))}(window,document);\n\/\/# sourceURL=https:\/\/www.albertojosevarela.com\/wp-includes\/js\/wp-embed.min.js\n<\/script>\n","description":"\u00a0SIND AYAHUASCA UND PSYCHOTHERAPIE KOMPATIBEL? Weder braucht die Psychotherapie Ayahuasca, noch Ayahuasca die Psychotherapie, doch die Personen, die L\u00f6sungen und Heilung ihrer internen Wunden suchen, bed\u00fcrfen der Integration von Ayahuasca und Psychotherapie als komplement\u00e4re Werkzeuge. Denn aus dieser Integration erw\u00e4chst eine immense heilende Macht. Erst seit wenigen Jahren ist ein neues Zusammentreffen zweier Wege der [&hellip;]"}

Alberto José Varela

AYAHUASCA & PSYCHOTHERAPIE (2. Teil) Ist es möglich, die schamanische Weltanschauung mit dem Ansatz der persönlichen Entwicklung der Psychotherapeuten zu integrieren? - Web Oficial de Alverto

<blockquote class="wp-embedded-content" data-secret="mHtVmvphjl"><a href="https://www.albertojosevarela.com/de/ayahuasca-psychotherapie-2/">AYAHUASCA &#038; PSYCHOTHERAPIE (2. Teil) Ist es möglich, die schamanische Weltanschauung mit dem Ansatz der persönlichen Entwicklung der Psychotherapeuten zu integrieren?</a></blockquote><iframe sandbox="allow-scripts" security="restricted" src="https://www.albertojosevarela.com/de/ayahuasca-psychotherapie-2/embed/#?secret=mHtVmvphjl" width="600" height="338" title="&#8222;AYAHUASCA &#038; PSYCHOTHERAPIE (2. Teil) Ist es möglich, die schamanische Weltanschauung mit dem Ansatz der persönlichen Entwicklung der Psychotherapeuten zu integrieren?&#8220; &#8211; Web Oficial de Alverto" data-secret="mHtVmvphjl" frameborder="0" marginwidth="0" marginheight="0" scrolling="no" class="wp-embedded-content"></iframe><script>
/*! This file is auto-generated */
!function(d,l){"use strict";l.querySelector&&d.addEventListener&&"undefined"!=typeof URL&&(d.wp=d.wp||{},d.wp.receiveEmbedMessage||(d.wp.receiveEmbedMessage=function(e){var t=e.data;if((t||t.secret||t.message||t.value)&&!/[^a-zA-Z0-9]/.test(t.secret)){for(var s,r,n,a=l.querySelectorAll('iframe[data-secret="'+t.secret+'"]'),o=l.querySelectorAll('blockquote[data-secret="'+t.secret+'"]'),c=new RegExp("^https?:$","i"),i=0;i<o.length;i++)o[i].style.display="none";for(i=0;i<a.length;i++)s=a[i],e.source===s.contentWindow&&(s.removeAttribute("style"),"height"===t.message?(1e3<(r=parseInt(t.value,10))?r=1e3:~~r<200&&(r=200),s.height=r):"link"===t.message&&(r=new URL(s.getAttribute("src")),n=new URL(t.value),c.test(n.protocol))&&n.host===r.host&&l.activeElement===s&&(d.top.location.href=t.value))}},d.addEventListener("message",d.wp.receiveEmbedMessage,!1),l.addEventListener("DOMContentLoaded",function(){for(var e,t,s=l.querySelectorAll("iframe.wp-embedded-content"),r=0;r<s.length;r++)(t=(e=s[r]).getAttribute("data-secret"))||(t=Math.random().toString(36).substring(2,12),e.src+="#?secret="+t,e.setAttribute("data-secret",t)),e.contentWindow.postMessage({message:"ready",secret:t},"*")},!1)))}(window,document);
//# sourceURL=https://www.albertojosevarela.com/wp-includes/js/wp-embed.min.js
</script>

SIND AYAHUASCA UND PSYCHOTHERAPIE KOMPATIBEL? Weder braucht die Psychotherapie Ayahuasca, noch Ayahuasca die Psychotherapie, doch die Personen, die Lösungen und Heilung ihrer internen Wunden suchen, bedürfen der Integration von Ayahuasca und Psychotherapie als komplementäre Werkzeuge. Denn aus dieser Integration erwächst eine immense heilende Macht. Erst seit wenigen Jahren ist ein neues Zusammentreffen zweier Wege der [&hellip;]
